{"id":7,"date":"2014-01-22T06:47:07","date_gmt":"2014-01-22T06:47:07","guid":{"rendered":"http:\/\/www.sanchezconsultores.com.mx\/nosotros\/"},"modified":"2014-04-03T09:17:36","modified_gmt":"2014-04-03T15:17:36","slug":"nosotros","status":"publish","type":"page","link":"https:\/\/www.sanchezconsultores.com.mx\/?page_id=7","title":{"rendered":"Nosotros"},"content":{"rendered":"<style type=\"text\/css\">\n.sanchez {\nfont-size:20px;\nfont-style: normal;\ncolor: #ffffff;\nbackground-color: #000000;\nfont-family: Poiret One;\nfont-weight: normal;\n}<\/p>\n<p>.sanchezT {\ncolor: #ffffff;\nfont-style: bold;\nbackground-color: #000000;\nfont-family: Poiret One;\n}\n.espacio{\ncolor: #000000;\nbackground-color: #000000;\nfont-size:14px;\n}\n<\/style>\n<h3 class=\"sanchez\">\nSomos un despacho de consultor\u00eda legal y administrativa con amplia experiencia en gesti\u00f3n a nivel direcci\u00f3n en administraci\u00f3n de los sectores privado y p\u00fablico. Nuestros asociados poseen una preparaci\u00f3n cualificada que garantiza a nuestros clientes\u00a0 una representaci\u00f3n global de su negocio y su interacci\u00f3n con las diversas disposiciones legales.<\/p>\n<\/h3>\n<h3 class=\"sanchez\">Nuestro objetivo es agregar valor a su negocio, optimizando los recursos y solucionando sus conflictos; los beneficios siempre exceder\u00e1n la inversi\u00f3n.<\/p>\n<\/h3>\n<h3 class=\"sanchez\">Lo que nos diferencia de otros despachos es nuestra amplia perspectiva de negocios, en administraci\u00f3n y legal, lo que nos permite hablar el idioma de su negocio, por lo que convertimos al derecho en un factor estrat\u00e9gico; S\u00e1nchez &amp; S\u00e1nchez\u00a0 se convierte, por nuestro servicio, en un engrane indispensable de \u00e9xito para su negocio<\/p>\n<\/h3>\n","protected":false},"excerpt":{"rendered":"<p>Somos un despacho de consultor\u00eda legal y administrativa con amplia experiencia en gesti\u00f3n a nivel direcci\u00f3n en administraci\u00f3n de los sectores privado y p\u00fablico. Nuestros asociados poseen una preparaci\u00f3n cualificada que garantiza a nuestros clientes\u00a0 una representaci\u00f3n global de su negocio y su interacci\u00f3n con las diversas disposiciones legales. Nuestro objetivo es agregar valor a &hellip; <\/p>\n<p class=\"link-more\"><a href=\"https:\/\/www.sanchezconsultores.com.mx\/?page_id=7\" class=\"more-link\">Continuar leyendo<span class=\"screen-reader-text\"> \u00abNosotros\u00bb<\/span><\/a><\/p>\n","protected":false},"author":1,"featured_media":34,"parent":0,"menu_order":1,"comment_status":"closed","ping_status":"closed","template":"","meta":{"footnotes":""},"class_list":["post-7","page","type-page","status-publish","has-post-thumbnail","hentry"],"_links":{"self":[{"href":"https:\/\/www.sanchezconsultores.com.mx\/index.php?rest_route=\/wp\/v2\/pages\/7","targetHints":{"allow":["GET"]}}],"collection":[{"href":"https:\/\/www.sanchezconsultores.com.mx\/index.php?rest_route=\/wp\/v2\/pages"}],"about":[{"href":"https:\/\/www.sanchezconsultores.com.mx\/index.php?rest_route=\/wp\/v2\/types\/page"}],"author":[{"embeddable":true,"href":"https:\/\/www.sanchezconsultores.com.mx\/index.php?rest_route=\/wp\/v2\/users\/1"}],"replies":[{"embeddable":true,"href":"https:\/\/www.sanchezconsultores.com.mx\/index.php?rest_route=%2Fwp%2Fv2%2Fcomments&post=7"}],"version-history":[{"count":21,"href":"https:\/\/www.sanchezconsultores.com.mx\/index.php?rest_route=\/wp\/v2\/pages\/7\/revisions"}],"predecessor-version":[{"id":320,"href":"https:\/\/www.sanchezconsultores.com.mx\/index.php?rest_route=\/wp\/v2\/pages\/7\/revisions\/320"}],"wp:featuredmedia":[{"embeddable":true,"href":"https:\/\/www.sanchezconsultores.com.mx\/index.php?rest_route=\/wp\/v2\/media\/34"}],"wp:attachment":[{"href":"https:\/\/www.sanchezconsultores.com.mx\/index.php?rest_route=%2Fwp%2Fv2%2Fmedia&parent=7"}],"curies":[{"name":"wp","href":"https:\/\/api.w.org\/{rel}","templated":true}]}}